est common factor of 56 and 1169.
7
What is the highest common divisor of 6816 and 1344?
96
Calculate the greatest common factor of 189 and 43767.
27
Calculate the highest common divisor of 2834 and 3036631.
1417
What is the greatest common factor of 513 and 1475559?
171
Calculate the highest common divisor of 49378 and 98.
14
What is the greatest common divisor of 84860 and 20?
20
What is the greatest common divisor of 1539 and 283347?
171
Calculate the highest common divisor of 3773 and 704.
11
What is the highest common factor of 176851 and 78982?
1717
What is the highest common factor of 321337 and 1532?
383
What is the greatest common divisor of 2764860 and 454?
454
What is the highest common divisor of 1647086 and 98?
98
Calculate the highest common divisor of 89292 and 624.
12
Calculate the highest common divisor of 21524 and 2.
2
Calculate the highest common divisor of 23000 and 1104.
184
Calculate the greatest common factor of 8470 and 550.
110
What is the highest common divisor of 96 and 57000?
24
What is the highest common divisor of 34251 and 1029?
147
Calculate the highest common divisor of 16065 and 865.
5
Calculate the highest common factor of 4508 and 22246.
98
What is the highest common factor of 142 and 435514?
142
What is the highest common divisor of 6962 and 8909?
59
Calculate the greatest common factor of 39772 and 1098.
122
What is the greatest common divisor of 17 and 17663?
17
Calculate the greatest common factor of 3230018 and 22.
22
What is the highest common divisor of 5467 and 385?
77
Calculate the highest common factor of 412713 and 126.
63
What is the highest common factor of 9760 and 732?
244
What is the greatest common factor of 138175 and 20?
5
Calculate the highest common divisor of 992923 and 1.
1
Calculate the highest common divisor of 39 and 297544.
13
Calculate the highest common factor of 44172 and 48.
12
What is the highest common factor of 1456 and 290368?
208
Calculate the greatest common divisor of 19275 and 325.
25
What is the greatest common factor of 2950176 and 948?
948
What is the greatest common divisor of 106 and 25493?
53
Calculate the greatest common factor of 227169 and 129.
129
Calculate the greatest common divisor of 704483 and 6918.
1153
What is the highest common divisor of 2847 and 11661?
39
What is the highest common divisor of 7249 and 11?
11
What is the greatest common factor of 5384 and 22209?
673
Calculate the greatest common factor of 392 and 3675.
49
Calculate the greatest common divisor of 3164750 and 50.
50
What is the highest common factor of 729 and 8298207?
729
Calculate the greatest common factor of 816 and 19788.
204
Calculate the greatest common factor of 1645 and 26555.
235
Calculate the greatest common divisor of 24 and 32676.
12
What is the highest common divisor of 726798 and 4002?
174
What is the highest common factor of 677400 and 4200?
600
Calculate the highest common divisor of 5376 and 15813.
21
Calculate the greatest common divisor of 487781 and 476.
119
Calculate the greatest common factor of 1484 and 200711.
371
What is the greatest common divisor of 97544 and 16?
8
Calculate the greatest common divisor of 17 and 820777.
17
What is the greatest common factor of 4940 and 2530268?
988
What is the greatest common divisor of 136 and 15712?
8
What is the greatest common factor of 34 and 54774?
34
What is the greatest common divisor of 1602 and 4?
2
What is the greatest common factor of 256720 and 620?
20
What is the highest common divisor of 3580617 and 69?
69
Calculate the highest common factor of 435 and 4185.
15
Calculate the highest common divisor of 86954 and 42.
14
Calculate the highest common factor of 1 and 5039.
1
What is the highest common divisor of 1186077 and 177?
177
Calculate the greatest common factor of 28512 and 3267.
297
Calculate the highest common factor of 545 and 81968.
109
Calculate the highest common divisor of 954 and 8076087.
477
Calculate the highest common divisor of 1098396 and 1092.
156
Calculate the greatest common factor of 38 and 223.
1
What is the highest common factor of 617400 and 1170?
90
Calculate the greatest common factor of 200208 and 74820.
516
What is the greatest common divisor of 2720 and 2210?
170
Calculate the highest common divisor of 2 and 1667132.
2
Calculate the greatest common factor of 699 and 810840.
699
Calculate the greatest common divisor of 59856 and 3190.
58
Calculate the greatest common factor of 90 and 17005.
5
Calculate the greatest common factor of 75 and 27925.
25
Calculate the highest common factor of 454 and 177741.
227
Calculate the greatest common divisor of 700 and 16200.
100
Calculate the highest common divisor of 58 and 15718.
58
What is the greatest common divisor of 154 and 1490174?
14
What is the greatest common divisor of 2079 and 3843?
63
Calculate the highest common divisor of 22 and 8415.
11
What is the highest common divisor of 538 and 214?
2
What is the highest common divisor of 16575 and 111945?
255
Calculate the highest common factor of 1600 and 334800.
400
What is the greatest common factor of 469700 and 175?
175
What is the highest common divisor of 21 and 29442?
21
What is the highest common divisor of 3068 and 119888?
236
What is the greatest common divisor of 1842922 and 878?
878
Calculate the greatest common factor of 6545 and 537285.
595
What is the highest common factor of 17854 and 1017?
113
What is the highest common divisor of 783 and 23571?
27
Calculate the highest common factor of 73218 and 6.
6
What is the greatest common factor of 69155 and 125?
5
What is the highest common divisor of 1209776 and 32?
16
What is the greatest common factor of 75457 and 122?
61
Calculate the greatest common divisor of 4226160 and 30.
30
Calculate the greatest common factor of 169 and 117.
13
What is the greatest common divisor of 544 and 807136?
32
Calculate the greatest common divisor of 49784 and 1176.
392
Calculate the greatest common divisor of 276018 and 2685.
537
Calculate the greatest common divisor of 2890 and 12240.
170
What is the greatest common divisor of 393167 and 114?
19
What is the highest common divisor of 321930 and 30?
30
What is the highest common factor of 75457 and 122?
61
Calculate the highest common factor of 1654 and 116.
2
What is the highest common divisor of 472 and 894794?
118
What is the greatest common divisor of 1673 and 956?
239
Calculate the greatest common divisor of 53001 and 909.
9
What is the greatest common divisor of 249444 and 1287?
117
Calculate the greatest common divisor of 325 and 153445.
5
What is the highest common factor of 288800 and 350?
50
What is the greatest common divisor of 319848 and 264?
24
Calculate the greatest common factor of 4252 and 20.
4
What is the greatest common factor of 301560 and 3360?
840
What is the highest common divisor of 14274 and 342?
18
Calculate the greatest common divisor of 1896 and 1200.
24
What is the greatest common divisor of 269172 and 72?
36
What is the highest common divisor of 620 and 297476?
124
What is the highest common factor of 25528 and 104?
8
Calculate the highest common divisor of 221 and 1079.
13
Calculate the greatest common divisor of 4010 and 170.
10
What is the highest common divisor of 1087111 and 1604?
401
Calculate the greatest common divisor of 688247 and 21.
7
What is the highest common divisor of 195 and 5915?
65
Calculate the highest common factor of 9001960 and 3280.
1640
Calculate the greatest common factor of 1166984 and 208.
104
What is the greatest common divisor of 1978 and 1247?
43
What is the greatest common factor of 5622 and 1740946?
1874
What is the greatest common factor of 525 and 1155?
105
Calculate the highest common factor of 21412 and 103424.
404
What is the highest common divisor of 348 and 195663?
87
What is the greatest common divisor of 3204 and 156?
12
Calculate the greatest common factor of 1037 and 200080.
61
Calculate the highest common factor of 27821 and 1161.
43
Calculate the highest common divisor of 81587 and 11.
11
What is the highest common divisor of 1127 and 1649284?
161
Calculate the highest common factor of 80 and 502288.
16
Calculate the highest common factor of 177165 and 315.
45
Calculate the highest common divisor of 318648 and 176.
88
